 is divided by 5.
3
Let u be (-6 + 4)*1*-1. Let q(m) = 13*m + 4. Let s be q(6). Suppose u*o = -3*f + 49, -s + 18 = -4*f - 2*o. Calculate the remainder when 27 is divided by f.
12
Let g(c) = -7*c + 2. Let o(q) = 42*q - 21. Calculate the remainder when o(2) is divided by g(-2).
15
Suppose 2*z + 35 - 95 = 0. Calculate the remainder when z is divided by 19.
11
What is the remainder when ((-1)/((-1)/79))/1 is divided by 20?
19
Suppose -l = -2*l - 4*m + 6, -l = -2*m. Calculate the remainder when 4 is divided by l.
0
Let p = 19 - 16. Calculate the remainder when 167/p - (-56)/42 is divided by ((-20)/8)/(2/(-12)).
12
Let c(v) = 3*v**2 - 2*v - 4. Let r = -7 - -10. Calculate the remainder when 67 is divided by c(r).
16
Suppose -4*b + 5*g = -96 - 9, 2*g + 2 = 0. What is the remainder when 99 is divided by b?
24
Let a = -106 - -111. What is the remainder when 19 is divided by a?
4
Let v be -1*0/(-3)*-1. Suppose -48 = -4*z - v. What is the remainder when 33 is divided by z?
9
Let v be ((-9)/6)/(12/(-32)). Suppose 0*b + 4*b = -v*k + 140, -4*k - 5*b = -137. What is the remainder when k is divided by 8?
6
Suppose 5*i - 12 - 38 = 0. Calculate the remainder when 29 is divided by i.
9
Suppose -3*h + 14 = -13. Let z = h + 3. What is the remainder when 23 is divided by z?
11
Let k(o) be the second derivative of o**3/6 + 5*o**2 + 3*o. Let m be k(-8). Let x = m + 7. What is the remainder when 25 is divided by x?
7
Suppose 0 = -3*l + 33 + 18. Suppose a = 3*h - l, -2*a - 2*h = a + 29. Let f = a - -16. What is the remainder when 9 is divided by f?
4
Let y(j) = -4 - 3*j + j - 3*j + j**3 - 4*j**2. Let i be y(5). Let l(a) = -2*a + 3. What is the remainder when 30 is divided by l(i)?
8
Let n = -125 + 247. Calculate the remainder when n is divided by 31.
29
Let n = -2 - -2. Suppose -t + 17 - 1 = n. Suppose -5*d - 115 + 345 = 0. What is the remainder when d is divided by t?
14
Let g(b) = 7*b**3 + 2*b**2 - 7*b + 5. What is the remainder when g(2) is divided by 14?
13
Let r(w) = 2*w**2 - w + 71. Calculate the remainder when r(0) is divided by 24.
23
Suppose 18*h - 193 = -49. What is the remainder when h is divided by 4 - (1 - 0/(-1))?
2
Let r be (-2)/5 + 130/(-50). Calculate the remainder when 44 is divided by 129/9 - 2/r.
14
Suppose -190 - 5 = -5*j. Calculate the remainder when 114 is divided by j.
36
Let b = -24 + 54. Let f = -239 - -255. What is the remainder when b is divided by f?
14
Suppose 3*m + 9*f - 28 = 4*f, 0 = -3*m + 3*f + 36. Let n = 135 + -128. Calculate the remainder when m is divided by n.
4
Let d(h) = h**3 + 9*h**2 + h. Let t be d(-9). Let z = -4 - t. Suppose 0 = 5*k - 2*i - 61, z*k = 3*k + 4*i + 18. What is the remainder when k is divided by 5?
3
Suppose -20 = -2*n - 2*q, 4*q - 2*q - 53 = -5*n. Suppose 5*o + 39 = 2*c, -4*o + 0*o = -4. Let d = c - 2. Calculate the remainder when d is divided by n.
9
Let y(r) = r**3 + r**2 - 4*r + 3. Calculate the remainder when 12 is divided by y(2).
5
Let q(o) = o**3 - 2*o + 109. Calculate the remainder when q(0) is divided by 22.
21
Let k be ((-4)/3)/((-10)/1605). Let x = k - 118. Suppose -f = -0*f - n - 32, -x = -3*f - 2*n. What is the remainder when f is divided by 11?
10
Suppose -2*j - 12 = -3*j. Let u(f) = -3*f - 1. Let x be u(-2). Suppose x*g + 0 = 170. Calculate the remainder when g is divided by j.
10
What is the remainder when (2*-6)/(12/(-6)) is divided by 2?
0
Suppose 3*l = -2*f + 12, 3*f + 2*f = 5*l - 20. Suppose 0 = -x + 2*z + 27, l*x - 3*z + 30 = 113. What is the remainder when x is divided by 2/4 + (-34)/(-4)?
8
Let c(f) = 4*f**2 - 1. Let y be c(1). Suppose 0 = y*w - m - 115, 0*m + 2*m = 2*w - 82. Suppose -3*g + w = -2. What is the remainder when g is divided by 5?
3
Suppose -6*b + 4*b = -12. What is the remainder when 15 is divided by b?
3
Let q(t) = t**2 + 4*t + 12. Calculate the remainder when q(-7) is divided by 10.
3
Let h(l) = l**2 + 3*l + 2. Let j be h(-4). Let d = j + -2. Calculate the remainder when 10 is divided by d.
2
Let z be ((-4)/6)/((-10)/495). Let x = z - 18. What is the remainder when 59 is divided by x?
14
Let c(m) = m**2 - 14*m + 18. Let a be c(12). Let g(f) = 2*f**2 + 4*f - 7. Calculate the remainder when g(a) is divided by 11.
8
Suppose 5*g + 9 = -16. Let b be (-25)/g - (-2 + 4). Suppose b = -a, -a + 5*a + 21 = r. Calculate the remainder when 17 is divided by r.
8
Let u(g) = -g**2 + 2*g. Let t be u(2). Suppose t*k - 12 = -k. What is the remainder when 35 is divided by k?
11
What is the remainder when 17 is divided by -3*28/6*4/(-8)?
3
Suppose -4*n + 314 + 721 = 5*b, 5*b - 3*n - 1035 = 0. Calculate the remainder when b is divided by 42.
39
Suppose 0 = -g + 1 + 3. Let t = 36 + -21. What is the remainder when t is divided by g?
3
Let x(z) = 15*z**3 + 2*z**2 + 2*z - 3. Suppose 24 = 3*m + 2*w - 9, -5*w = -5*m + 30. What is the remainder when x(1) is divided by m?
7
Let c = -74 + 92. Calculate the remainder when 85 is divided by c.
13
Let q = 350 - 81. Calculate the remainder when q is divided by 54.
53
Suppose 23 = 3*c - 250. Let j = c + -51. Let v(p) = -5*p - 16. Calculate the remainder when j is divided by v(-6).
12
Suppose -3 = b + 3*l, -5*b + 2*l + 5 = 7*l. Suppose b*p - p = 20. What is the remainder when 19 is divided by p?
9
Calculate the remainder when 54 is divided by (-3)/((-9)/(-11))*-3.
10
Let m(p) be the second derivative of p**4/12 + p**3 + 3*p**2 + 2*p. Let c be m(-4). What is the remainder when (-1 - -29) + c + 4 is divided by 16?
14
Calculate the remainder when 11/(44/48) - 2 is divided by 5.
0
Let z(l) = 6*l - 4. What is the remainder when z(6) is divided by 12?
8
Suppose 5*w = q + 598, w = 5*q + 165 - 31. Calculate the remainder when w is divided by 8.
7
What is the remainder when 13 is divided by 2*-2*(-9)/12?
1
Let r be (-6)/(-4)*56/(-12). Calculate the remainder when 63/(-4)*(r - -3) is divided by 13.
11
Let w(j) = j**3 + 4*j**2 + 2*j + 6. Suppose 1 + 3 = n - 4*m, 0 = 3*n - 3*m - 12. Suppose -n*q + 55 = -77. What is the remainder when q is divided by w(-3)?
6
Suppose 5*b = -2*m + 6 - 2, 5*b = m - 2. Let q = -35 - -55. Suppose m*r + 2*r = q. What is the remainder when 8 is divided by r?
3
Let t(w) = -15*w**2. Let m(r) = 14*r**2. Let d(f) = -2*m(f) - 3*t(f). What is the remainder when (-3 - 55/(-2))*2 is divided by d(1)?
15
Let m(h) = 16*h**3 - 51*h**2 + 16*h - 1. Let w(t) = 3*t**3 - 10*t**2 + 3*t. Let l(s) = -2*m(s) + 11*w(s). What is the remainder when l(8) is divided by 4?
2
Let b = -50 + 87. Calculate the remainder when b is divided by 14.
9
Let l = 174 - 105. Calculate the remainder when l is divided by 8.
5
What is the remainder when 20*(0 - -3 - 2) is divided by 7?
6
Let c be ((-36)/(-8))/((-1)/2). Let r(t) = -t - 2. What is the remainder when 13 is divided by r(c)?
6
Suppose 7*h - 60 = 2*h - 5*t, -4*t + 36 = 3*h. Calculate the remainder when 21 is divided by h.
9
Let a(f) be the second derivative of -f**3/6 + 15*f**2/2 - f. Calculate the remainder when 43 is divided by a(0).
13
Let y(h) = -4*h**2 + h. Let n be y(1). Suppose -3*k + 36 = -0*k. Calculate the remainder when n/(1 - 74/68) is divided by k.
10
Let j(m) = -m**3 + 7*m**2 + m. Let f(o) be the first derivative of o**2 - 7*o - 1. Let n be f(7). What is the remainder when 13 is divided by j(n)?
6
Suppose -g = -5*r + 680, -4*r - 2*g + 297 = -261. Calculate the remainder when r is divided by 20.
17
Let f be 1/(-1) + 12 + -8. Suppose 2*t + 35 = 3*g + t, t = -f*g + 37. What is the remainder when 21 is divided by g?
9
Let v = 543 + -460. Suppose 2*d = -5*r + 46, -4*d + 2*d + 52 = 2*r. Calculate the remainder when v is divided by d.
27
Suppose -f + 5*f + 12 = 0, -f = -x + 18. Let t(j) = j**3 - 5*j**2 + j - 1. What is the remainder when x is divided by t(5)?
3
Let i = 4 + 16. Suppose -i = -2*y - 2*y. Calculate the remainder when 8 is divided by y.
3
Let g = 29 - 9. Calculate the remainder when (-3)/(-15) + 936/g is divided by 24.
23
Let n = -3 + 8. Suppose f = 11 + n. Calculate the remainder when 29 is divided by f.
13
Suppose 3*k + 33 = 2*p + 6, 0 = -3*p + 3*k + 39. Let h = -6 + p. Suppose 8*a = 6*a + 34. Calculate the remainder when a is divided by h.
5
Let h = 6 - 0. Suppose -m - 3 = 0, -5*p - 3*m + h = -0. What is the remainder when ((-8)/6)/(2/(-6)) is divided by p?
1
Suppose 4*m - m - 42 = 0. Calculate the rem